{"id":1827,"date":"2016-01-31T12:53:22","date_gmt":"2016-01-31T11:53:22","guid":{"rendered":"http:\/\/www.svratka.cz\/?page_id=1827"},"modified":"2026-03-23T19:15:52","modified_gmt":"2026-03-23T18:15:52","slug":"matrika","status":"publish","type":"page","link":"https:\/\/www.svratka.cz\/?page_id=1827","title":{"rendered":"Matrika"},"content":{"rendered":"<div class=\"wpb-content-wrapper\"><p>[vc_row][vc_column][vc_column_text css=&#8220;&#8220;]Matri\u010dn\u00ed \u00fa\u0159ad zaji\u0161\u0165uje slu\u017eby pro obce Svratka a Chlum\u011bt\u00edn.<\/p>\n<p>Matrik\u00e1\u0159kou je Ing. V\u011bna Kova\u0159\u00edkov\u00e1, tel. 566 66 23 30, e-mail: <a href=\"mailto:kovarikova@svratka.cz\">kovarikova@svratka.cz<\/a><\/p>\n<p><strong><u>Seznam matrik, ulo\u017een\u00fdch na M\u011b\u00da Svratka<\/u><\/strong><\/p>\n<p>[\/vc_column_text][\/vc_column][\/vc_row][vc_row][vc_column][vc_tta_tabs][vc_tta_section title=&#8220;\u00damrtn\u00ed matriky&#8220; tab_id=&#8220;1774289520482-06caca35-f926&#8243;][vc_column_text css=&#8220;&#8220;]<u>\u00famrtn\u00ed matriky<\/u><\/p>\n<table border=\"0\">\n<tbody>\n<tr>\n<td>\u00a0obec\u00a0\/ farnost<\/td>\n<td>\u00a0vyzn\u00e1n\u00ed<\/td>\n<td>\u00a0\u010dasov\u00e9 rozp\u011bt\u00ed<\/td>\n<td>\u00a0pozn\u00e1mka<\/td>\n<\/tr>\n<tr>\n<td>\u00a0Svratka<\/td>\n<td>\u00a0\u0159\u00edmsko-katol.<\/td>\n<td>\u00a01924-1949<\/td>\n<td>\u00a0pro obce: Svratka, Svratouch, Chlum\u011bt\u00edn, \u010cesk\u00e1 Cik\u00e1nka,<\/p>\n<p>Karl\u0161tejn, \u010cesk\u00e9 Milovy, \u010cesk\u00e9 K\u0159i\u017e\u00e1nky, Her\u00e1l.Hu\u0165<\/td>\n<\/tr>\n<tr>\n<td>\u00a0Svratouch<\/td>\n<td>\u00a0\u010deskobratr.evang.<\/td>\n<td>\u00a01918-1949<\/td>\n<td>\u00a0pro obce: Svratka, Svratouch, \u010ces.K\u0159i\u017e\u00e1nky, \u010ces.Milovy, \u010ces. a Mor.Cik\u00e1nka,<\/p>\n<p>Mor. Svratka, Chlum\u011bt\u00edn, Kameni\u010dky, Jen\u00edkov, Filipov, Lhoty,<\/p>\n<p>\u010ces. a Mor. Her\u00e1lec, Kocanda, \u010cachnov.<\/td>\n<\/tr>\n<tr>\n<td>\u00a0 Svratka<\/td>\n<td><\/td>\n<td>\u00a01950-2001<\/td>\n<td><\/td>\n<\/tr>\n<tr>\n<td>\u00a0Moravsk\u00e1 Svratka<\/td>\n<td><\/td>\n<td>\u00a01950-1960<\/td>\n<td>\u00a0po roce 1960 viz Svratka<\/td>\n<\/tr>\n<tr>\n<td>\u00a0Chlum\u011bt\u00edn<\/td>\n<td><\/td>\n<td>\u00a01950-1999<\/td>\n<td><\/td>\n<\/tr>\n<tr>\n<td>\u00a0Svratka, Mor. Svratka<\/td>\n<td><\/td>\n<td>\u00a01957<\/td>\n<td><\/td>\n<\/tr>\n<tr>\n<td>\u00a0Svratouch<\/td>\n<td><\/td>\n<td>\u00a01957<\/td>\n<td><\/td>\n<\/tr>\n<tr>\n<td>\u00a0Chlum\u011bt\u00edn<\/td>\n<td><\/td>\n<td>\u00a01957<\/td>\n<\/tr>\n<\/tbody>\n<\/table>\n<p>[\/vc_column_text][\/vc_tta_section][vc_tta_section title=&#8220;Matriky man\u017eelstv\u00ed&#8220; tab_id=&#8220;1774289520487-dc469edf-ddaf&#8220;][vc_column_text css=&#8220;&#8220;]<u>matriky man\u017eelstv\u00ed<\/u><\/p>\n<table border=\"0\">\n<tbody>\n<tr>\n<td>\u00a0obec\/farnost<\/td>\n<td>\u00a0vyzn\u00e1n\u00ed<\/td>\n<td>\u00a0\u010dasov\u00e9 rozp\u011bt\u00ed<\/td>\n<td>\u00a0pozn\u00e1mka<\/td>\n<\/tr>\n<tr>\n<td>\u00a0Svratka<\/td>\n<td>\u00a0\u0159\u00edmskokatol.<\/td>\n<td>\u00a01924-1944<\/td>\n<td>\u00a0Svratka, Svratouch, Chlum\u011bt\u00edn, \u010cesk\u00e1 Cik\u00e1nka,Karl\u0161tejn, \u010cesk\u00e9 Milovy, \u010cesk\u00e9 K\u0159i\u017e\u00e1nky, Her\u00e1l.Hu\u0165<\/p>\n<p>,<\/td>\n<\/tr>\n<tr>\n<td>\u00a0Svratka<\/td>\n<td>\u00a0\u0159\u00edmskokatol.<\/td>\n<td>\u00a01945-1949<\/td>\n<td>\u00a0Svratka, Svratouch, Chlum\u011bt\u00edn, \u010cesk\u00e1 Cik\u00e1nka,Karl\u0161tejn, \u010cesk\u00e9 Milovy, \u010cesk\u00e9 K\u0159i\u017e\u00e1nky, Her\u00e1l.Hu\u0165<\/td>\n<\/tr>\n<tr>\n<td>\u00a0Svratka<\/td>\n<td><\/td>\n<td>\u00a01950-1965<\/td>\n<td>\u00a0v\u0161echny s\u0148atky, uzav\u0159en\u00e9 \u00a0na MNV Svratka<\/td>\n<\/tr>\n<tr>\n<td>\u00a0Svratka<\/td>\n<td><\/td>\n<td>\u00a01966-1984<\/td>\n<td>\u00a0v\u0161echny s\u0148atky, uzav\u0159en\u00e9 \u00a0na MNV Svratka<\/td>\n<\/tr>\n<tr>\n<td>\u00a0Svratka<\/td>\n<td><\/td>\n<td>\u00a01985-1994<\/td>\n<td>\u00a0v\u0161echny s\u0148atky, uzav\u0159en\u00e9 \u00a0na MNV Svratka<\/td>\n<\/tr>\n<tr>\n<td>\u00a0Svratka<\/td>\n<td><\/td>\n<td>\u00a01994-2001<\/td>\n<td>\u00a0v\u0161echny s\u0148atky, uzav\u0159en\u00e9 \u00a0na MNV Svratka<\/td>\n<\/tr>\n<tr>\n<td>\u00a0Svratouch<\/td>\n<td>\u00a0\u010deskobratr.evang.<\/td>\n<td>\u00a01897-1949<\/td>\n<td>\u00a0pro obce: Svratka, Svratouch, \u010ces.K\u0159i\u017e\u00e1nky, \u010ces.Milovy, \u010ces. a Mor.Cik\u00e1nka,\u00a0Mor. Svratka, Chlum\u011bt\u00edn, Kameni\u010dky, Jen\u00edkov, Filipov, Lhoty,<\/p>\n<p>\u010ces. a Mor. Her\u00e1lec, Kocanda, \u010cachnov.<\/td>\n<\/tr>\n<\/tbody>\n<\/table>\n<p>[\/vc_column_text][\/vc_tta_section][vc_tta_section title=&#8220;Matriky narozen\u00fdch&#8220; tab_id=&#8220;1774289646889-4283ee27-5ce9&#8243;][vc_column_text css=&#8220;&#8220;]<u>matriky\u00a0narozen\u00fdch<\/u><\/p>\n<table border=\"0\">\n<tbody>\n<tr>\n<td>\u00a0obec\u00a0\/farnost<\/td>\n<td>\u00a0vyzn\u00e1n\u00ed<\/td>\n<td>\u010dasov\u00e9 rozp\u011bt\u00ed<\/td>\n<td>\u00a0pozn\u00e1mka<\/td>\n<\/tr>\n<tr>\n<td>\u00a0Svratka<\/td>\n<td>\u00a0\u0159\u00edmskokatol.<\/td>\n<td>\u00a01907-1924<\/td>\n<td><\/td>\n<\/tr>\n<tr>\n<td><\/td>\n<td><\/td>\n<td><\/td>\n<td><\/td>\n<\/tr>\n<tr>\n<td>\u00a0Chlum\u011bt\u00edn, \u010ces.Cik\u00e1nka, \u010ces.K\u0159i\u017e\u00e1nky,<\/p>\n<p>\u010ces.Milovy, Her\u00e1l. Hu\u0165<\/td>\n<td>\u00a0\u0159\u00edmskokatol.<\/td>\n<td>\u00a01885-1924<\/td>\n<td><\/td>\n<\/tr>\n<tr>\n<td>\u00a0Svratka<\/td>\n<td>\u00a0\u0159\u00edmskokatol.<\/td>\n<td>\u00a01925-1936<\/td>\n<td>\u00a0Svratka, Svratouch, Chlum\u011bt\u00edn, \u010ces.Cik\u00e1nka, \u010ces.K\u0159i\u017e\u00e1nky,\u00a0\u010ces.Milovy, Her\u00e1l. Hu\u0165<\/td>\n<\/tr>\n<tr>\n<td>\u00a0Svratka<\/td>\n<td>\u00a0\u0159\u00edmskokatol.<\/td>\n<td>\u00a01936-1949<\/td>\n<td>\u00a0Svratka, Svratouch, Chlum\u011bt\u00edn, \u010ces.Cik\u00e1nka, \u010ces.K\u0159i\u017e\u00e1nky,\u00a0\u010ces.Milovy, Her\u00e1l. Hu\u0165<\/td>\n<\/tr>\n<tr>\n<td>\u00a0Svratka<\/td>\n<td><\/td>\n<td>\u00a01950-2000<\/td>\n<td>\u00a0v\u010detn\u011b osady \u010cesk\u00e1 a Mor. Cik\u00e1nka<\/td>\n<\/tr>\n<tr>\n<td>\u00a0Moravsk\u00e1 Svratka<\/td>\n<td><\/td>\n<td>\u00a01950-1959<\/td>\n<td>\u00a0po roce 1960 viz Svratka<\/td>\n<\/tr>\n<tr>\n<td>\u00a0Svratouch<\/td>\n<td>\u00a0\u010deskobratr.evang.<\/td>\n<td>\u00a01901-1929<\/td>\n<td>\u00a0pro obce: Svratka, Svratouch, \u010ces.K\u0159i\u017e\u00e1nky, \u010ces.Milovy, \u010ces. a Mor.Cik\u00e1nka,\u00a0Mor. Svratka, Chlum\u011bt\u00edn, Kameni\u010dky, Jen\u00edkov, Filipov, Lhoty,<\/p>\n<p>\u010ces. a Mor. Her\u00e1lec, Kocanda, \u010cachnov.<\/td>\n<\/tr>\n<tr>\n<td>\u00a0Svratouch<\/td>\n<td>\u00a0\u010deskobratr.evang.<\/td>\n<td>\u00a01930-1949<\/td>\n<td>\u00a0pro obce: Svratka, Svratouch, \u010ces.K\u0159i\u017e\u00e1nky, \u010ces.Milovy, \u010ces. a Mor.Cik\u00e1nka,\u00a0Mor. Svratka, Chlum\u011bt\u00edn, Kameni\u010dky, Jen\u00edkov, Filipov, Lhoty,<\/p>\n<p>\u010ces. a Mor. Her\u00e1lec, Kocanda, \u010cachnov.<\/td>\n<\/tr>\n<tr>\n<td>\u00a0Chlum\u011bt\u00edn<\/td>\n<td><\/td>\n<td>\u00a01950-1997<\/td>\n<td><\/td>\n<\/tr>\n<\/tbody>\n<\/table>\n<p>[\/vc_column_text][\/vc_tta_section][\/vc_tta_tabs][\/vc_column][\/vc_row]\n<\/div>","protected":false},"excerpt":{"rendered":"<p>[vc_row][vc_column][vc_column_text css=&#8220;&#8220;]Matri\u010dn\u00ed \u00fa\u0159ad zaji\u0161\u0165uje slu\u017eby pro obce Svratka a Chlum\u011bt\u00edn. Matrik\u00e1\u0159kou je Ing. V\u011bna Kova\u0159\u00edkov\u00e1, tel. 566 66 23 30, e-mail: kovarikova@svratka.cz Seznam matrik, ulo\u017een\u00fdch na M\u011b\u00da Svratka [\/vc_column_text][\/vc_column][\/vc_row][vc_row][vc_column][vc_tta_tabs][vc_tta_section title=&#8220;\u00damrtn\u00ed matriky&#8220; tab_id=&#8220;1774289520482-06caca35-f926&#8243;][vc_column_text css=&#8220;&#8220;]\u00famrtn\u00ed matriky \u00a0obec\u00a0\/ farnost \u00a0vyzn\u00e1n\u00ed \u00a0\u010dasov\u00e9 rozp\u011bt\u00ed \u00a0pozn\u00e1mka \u00a0Svratka \u00a0\u0159\u00edmsko-katol. \u00a01924-1949 \u00a0pro obce: Svratka, Svratouch, Chlum\u011bt\u00edn, \u010cesk\u00e1 Cik\u00e1nka, Karl\u0161tejn, \u010cesk\u00e9 Milovy, \u010cesk\u00e9 K\u0159i\u017e\u00e1nky, [&hellip;]<\/p>\n","protected":false},"author":2,"featured_media":0,"parent":9163,"menu_order":0,"comment_status":"closed","ping_status":"closed","template":"page-templates\/sidebar-right.php","meta":{"footnotes":""},"class_list":["post-1827","page","type-page","status-publish","hentry"],"_links":{"self":[{"href":"https:\/\/www.svratka.cz\/index.php?rest_route=\/wp\/v2\/pages\/1827","targetHints":{"allow":["GET"]}}],"collection":[{"href":"https:\/\/www.svratka.cz\/index.php?rest_route=\/wp\/v2\/pages"}],"about":[{"href":"https:\/\/www.svratka.cz\/index.php?rest_route=\/wp\/v2\/types\/page"}],"author":[{"embeddable":true,"href":"https:\/\/www.svratka.cz\/index.php?rest_route=\/wp\/v2\/users\/2"}],"replies":[{"embeddable":true,"href":"https:\/\/www.svratka.cz\/index.php?rest_route=%2Fwp%2Fv2%2Fcomments&post=1827"}],"version-history":[{"count":3,"href":"https:\/\/www.svratka.cz\/index.php?rest_route=\/wp\/v2\/pages\/1827\/revisions"}],"predecessor-version":[{"id":9840,"href":"https:\/\/www.svratka.cz\/index.php?rest_route=\/wp\/v2\/pages\/1827\/revisions\/9840"}],"up":[{"embeddable":true,"href":"https:\/\/www.svratka.cz\/index.php?rest_route=\/wp\/v2\/pages\/9163"}],"wp:attachment":[{"href":"https:\/\/www.svratka.cz\/index.php?rest_route=%2Fwp%2Fv2%2Fmedia&parent=1827"}],"curies":[{"name":"wp","href":"https:\/\/api.w.org\/{rel}","templated":true}]}}