{"id":1824,"date":"2016-01-31T12:49:29","date_gmt":"2016-01-31T11:49:29","guid":{"rendered":"http:\/\/www.svratka.cz\/?page_id=1824"},"modified":"2026-03-23T16:34:02","modified_gmt":"2026-03-23T15:34:02","slug":"cenik-sluzeb-zajistovanych-mestem","status":"publish","type":"page","link":"https:\/\/www.svratka.cz\/?page_id=1824","title":{"rendered":"Cen\u00edk slu\u017eeb zaji\u0161\u0165ovan\u00fdch m\u011bstem"},"content":{"rendered":"<div class=\"wpb-content-wrapper\"><p>[vc_row][vc_column][vc_column_text css=&#8220;&#8220;]\n<header class=\"page__header\">\n<h1 class=\"page__title is-main-headline\"><strong style=\"font-size: 16px;\">CEN\u00cdK SLU\u017dEB PLATN\u00dd OD 1.7.2022<\/strong><\/h1>\n<\/header>\n<p>[\/vc_column_text][vc_tta_tabs][vc_tta_section title=&#8220;Spr\u00e1vn\u00ed poplatky a kop\u00edrov\u00e1n\u00ed&#8220; tab_id=&#8220;1774279480445-338b708f-d137&#8243;][vc_column_text css=&#8220;&#8220;]<strong><u>Spr\u00e1vn\u00ed poplatky a kop\u00edrov\u00e1n\u00ed<\/u><\/strong><\/p>\n<table border=\"0\">\n<tbody>\n<tr>\n<td><\/td>\n<td>Sazba<\/td>\n<td>Pozn\u00e1mka<\/td>\n<\/tr>\n<tr>\n<td>kopie A4 jednostrann\u011b za list<\/td>\n<td>\u00a03,-K\u010d<\/td>\n<td><\/td>\n<\/tr>\n<tr>\n<td>kopie A4 oboustrann\u011b za list<\/td>\n<td>\u00a04,-K\u010d<\/td>\n<td><\/td>\n<\/tr>\n<tr>\n<td>\u00a0kopie A3 jednostrann\u011b za list<\/td>\n<td>\u00a05,-K\u010d<\/td>\n<td><\/td>\n<\/tr>\n<tr>\n<td>\u00a0kopie A3 oboustrann\u011b za list<\/td>\n<td>\u00a07,-K\u010d<\/td>\n<td><\/td>\n<\/tr>\n<tr>\n<td><\/td>\n<td><\/td>\n<td><\/td>\n<\/tr>\n<tr>\n<td>\u00a0komer\u010dn\u00ed hl\u00e1\u0161en\u00ed v m\u00edstn\u00edm rozhlase<\/td>\n<td>\u00a050,-K\u010d<\/td>\n<td>\u00a0schv\u00e1leno zastupitelstvem m\u011bsta 28.8.2013<\/td>\n<\/tr>\n<\/tbody>\n<\/table>\n<p>[\/vc_column_text][\/vc_tta_section][vc_tta_section title=&#8220;Doprava a p\u0159eprava materi\u00e1lu&#8220; tab_id=&#8220;1774279480451-c589d4eb-f827&#8243;][vc_column_text css=&#8220;&#8220;]<strong><u>Doprava a p\u0159eprava materi\u00e1lu<\/u><\/strong><\/p>\n<p>Ceny v\u010d.DPH<\/p>\n<table border=\"0\">\n<tbody>\n<tr>\n<td><\/td>\n<td>K\u010d\/km<\/td>\n<td>\u00a0Sazba za 1\/4 hodiny pr\u00e1ce<\/td>\n<td>Pozn\u00e1mka<\/td>\n<\/tr>\n<tr>\n<td>Multicar M 25<\/td>\n<td>\u00a027.-<\/td>\n<td><\/td>\n<td><\/td>\n<\/tr>\n<tr>\n<td>\u00a0Iveco\/Praga- mechaniza\u010dn\u00ed prost\u0159edky<\/td>\n<td>\u00a034,-<\/td>\n<td>\u00a0500.-K\u010d<\/p>\n<p>600,-K\u010d<\/td>\n<td>\u00a0p\u0159istaven\u00ed kontejneru ve Svratce<\/p>\n<p>p\u0159istaven\u00ed kontejneru mimo Svratku + ujet\u00e9 km<\/td>\n<\/tr>\n<tr>\n<td>\u00a0Pr\u00e1ce traktorem<\/td>\n<td>\u00a027.-<\/td>\n<td>\u00a0180,-K\u010d<\/td>\n<td><\/td>\n<\/tr>\n<\/tbody>\n<\/table>\n<p>[\/vc_column_text][\/vc_tta_section][vc_tta_section title=&#8220;Zimn\u00ed \u00fadr\u017eba&#8220; tab_id=&#8220;1774279562148-d33aaa3c-c0a0&#8243;][vc_column_text css=&#8220;&#8220;]<strong><u>Zimn\u00ed \u00fadr\u017eba<\/u><\/strong><\/p>\n<p>Ceny v\u010d.DPH<\/p>\n<table border=\"0\">\n<tbody>\n<tr>\n<td><\/td>\n<td>K\u010d\/km<\/td>\n<td>Sazba za 1\/4 hodiny pr\u00e1ce<\/td>\n<td>Pozn\u00e1mka<\/td>\n<\/tr>\n<tr>\n<td>Pluhov\u00e1n\u00ed traktorem<\/td>\n<td><\/td>\n<td>240,-K\u010d<\/td>\n<td><\/td>\n<\/tr>\n<tr>\n<td>\u00a0Posyp Multicar 25<\/td>\n<td>\u00a027,-<\/td>\n<td><\/td>\n<td>+ posyp.materi\u00e1l 1160,-K\u010d\/t<\/td>\n<\/tr>\n<\/tbody>\n<\/table>\n<p>[\/vc_column_text][\/vc_tta_section][vc_tta_section title=&#8220;Pr\u00e1ce speci\u00e1ln\u00edmi stroji&#8220; tab_id=&#8220;1774279587231-d27491dc-b386&#8243;][vc_column_text css=&#8220;&#8220;]<strong><u>Pr\u00e1ce speci\u00e1ln\u00edmi stroji<\/u><\/strong><\/p>\n<p>Ceny v\u010d.DPH<\/p>\n<table border=\"0\">\n<tbody>\n<tr>\n<td><\/td>\n<td>K\u010d\/km<\/td>\n<td>Sazba za 1\/4 hodiny pr\u00e1ce<\/td>\n<td>Pozn\u00e1mka<\/td>\n<\/tr>\n<tr>\n<td>Zemn\u00ed pr\u00e1ce UNC<\/td>\n<td>30,-<\/td>\n<td>250,-K\u010d<\/td>\n<td>1000,-K\u010d\/hod.<\/td>\n<\/tr>\n<tr>\n<td>\u00a0V\u00fdsuvn\u00e1 plo\u0161ina Avia M-13<\/td>\n<td>27,-<\/td>\n<td>\u00a0180,-K\u010d<\/p>\n<p>250.-K\u010d mimo Svratku+podnikatel\u00e9<\/td>\n<td>720,-K\u010d\/hod.<\/p>\n<p>1000,-K\u010d\/hod. mimo Svratku+podnikatel\u00e9<\/td>\n<\/tr>\n<tr>\n<td>P\u00e1sov\u00fd bagr<\/td>\n<td><\/td>\n<td>250.-K\u010d<\/td>\n<td>1000.-K\u010d \/h + 27.-K\u010d\/km p\u0159eprava bagru<\/td>\n<\/tr>\n<\/tbody>\n<\/table>\n<p>[\/vc_column_text][\/vc_tta_section][vc_tta_section title=&#8220;Ostatn\u00ed&#8220; tab_id=&#8220;1774279658829-6225566e-7f1a&#8220;][vc_column_text css=&#8220;&#8220;]<strong><u>Ostatn\u00ed<\/u><\/strong><\/p>\n<p>Ceny v\u010d.DPH<\/p>\n<p><strong>Cen\u00edk platn\u00fd od 1.5.2025<\/strong><\/p>\n<table border=\"0\">\n<tbody>\n<tr>\n<td><\/td>\n<td><strong>Sazba za jednu cisternu<\/strong><\/td>\n<td><strong>Pozn\u00e1mka<\/strong><\/td>\n<\/tr>\n<tr>\n<td>V\u00fdvoz septiku Praga V3S<\/td>\n<td>\u00a0950,-K\u010d v\u010d. DPH 21%<\/td>\n<td>\u00a0fyzick\u00e9 osoby s <strong>trval\u00fdm pobytem<\/strong> ve Svratce<\/td>\n<\/tr>\n<tr>\n<td>\u00a0V\u00fdvoz septiku Praga V3S<\/td>\n<td>\u00a01800.-K\u010d v\u010d.DPH 21%<\/td>\n<td>\u00a0ostatn\u00ed fyzick\u00e9 osoby,\u00a0 okoln\u00ed obce a podnikatel\u00e9<\/td>\n<\/tr>\n<\/tbody>\n<\/table>\n<p>&nbsp;<\/p>\n<table style=\"height: 359px;\" width=\"672\">\n<tbody>\n<tr>\n<td><strong>Odb\u011brn\u00e9 m\u00edsto<\/strong><\/td>\n<td width=\"131\"><strong>Cena za ujet\u00e9 km<\/strong><\/td>\n<td width=\"131\"><strong>Cena fek\u00e1lu<\/strong><\/td>\n<td width=\"131\"><strong>Celkov\u00e1 cena<\/strong><\/td>\n<\/tr>\n<tr>\n<td width=\"131\">K\u0159i\u017e\u00e1nky, Kameni\u010dky<\/td>\n<td width=\"131\">400k\u010d<\/td>\n<td width=\"131\">1800k\u010d<\/td>\n<td width=\"131\">2200k\u010d<\/td>\n<\/tr>\n<tr>\n<td width=\"131\">\u010cesk\u00e9 Milovy, Milovy<\/td>\n<td width=\"131\">540k\u010d<\/td>\n<td width=\"131\">1800k\u010d<\/td>\n<td width=\"131\">2340k\u010d<\/td>\n<\/tr>\n<tr>\n<td width=\"131\">Blatiny, Podles\u00ed, Cikh\u00e1j, B\u0159eziny<\/td>\n<td width=\"131\">680k\u010d<\/td>\n<td width=\"131\">1800k\u010d<\/td>\n<td width=\"131\">2480k\u010d<\/td>\n<\/tr>\n<tr>\n<td width=\"131\">Svratouch<\/td>\n<td width=\"131\">270k\u010d<\/td>\n<td width=\"131\">1800k\u010d<\/td>\n<td width=\"131\">2070k\u010d<\/td>\n<\/tr>\n<tr>\n<td width=\"131\">Her\u00e1lec, Chlum\u011bt\u00edn, Krejcar<\/td>\n<td width=\"131\">340k\u010d<\/td>\n<td width=\"131\">1800k\u010d<\/td>\n<td width=\"131\">2140k\u010d<\/td>\n<\/tr>\n<tr>\n<td width=\"131\">\u010cachnov<\/td>\n<td width=\"131\">820k\u010d<\/td>\n<td width=\"131\">1800k\u010d<\/td>\n<td width=\"131\">2620k\u010d<\/td>\n<\/tr>\n<\/tbody>\n<\/table>\n<p>[\/vc_column_text][\/vc_tta_section][\/vc_tta_tabs][\/vc_column][\/vc_row]\n<\/div>","protected":false},"excerpt":{"rendered":"<p>[vc_row][vc_column][vc_column_text css=&#8220;&#8220;] CEN\u00cdK SLU\u017dEB PLATN\u00dd OD 1.7.2022 [\/vc_column_text][vc_tta_tabs][vc_tta_section title=&#8220;Spr\u00e1vn\u00ed poplatky a kop\u00edrov\u00e1n\u00ed&#8220; tab_id=&#8220;1774279480445-338b708f-d137&#8243;][vc_column_text css=&#8220;&#8220;]Spr\u00e1vn\u00ed poplatky a kop\u00edrov\u00e1n\u00ed Sazba Pozn\u00e1mka kopie A4 jednostrann\u011b za list \u00a03,-K\u010d kopie A4 oboustrann\u011b za list \u00a04,-K\u010d \u00a0kopie A3 jednostrann\u011b za list \u00a05,-K\u010d \u00a0kopie A3 oboustrann\u011b za list \u00a07,-K\u010d \u00a0komer\u010dn\u00ed hl\u00e1\u0161en\u00ed v m\u00edstn\u00edm rozhlase \u00a050,-K\u010d \u00a0schv\u00e1leno zastupitelstvem m\u011bsta 28.8.2013 [\/vc_column_text][\/vc_tta_section][vc_tta_section title=&#8220;Doprava [&hellip;]<\/p>\n","protected":false},"author":2,"featured_media":0,"parent":0,"menu_order":0,"comment_status":"closed","ping_status":"closed","template":"","meta":{"footnotes":""},"class_list":["post-1824","page","type-page","status-publish","hentry"],"_links":{"self":[{"href":"https:\/\/www.svratka.cz\/index.php?rest_route=\/wp\/v2\/pages\/1824","targetHints":{"allow":["GET"]}}],"collection":[{"href":"https:\/\/www.svratka.cz\/index.php?rest_route=\/wp\/v2\/pages"}],"about":[{"href":"https:\/\/www.svratka.cz\/index.php?rest_route=\/wp\/v2\/types\/page"}],"author":[{"embeddable":true,"href":"https:\/\/www.svratka.cz\/index.php?rest_route=\/wp\/v2\/users\/2"}],"replies":[{"embeddable":true,"href":"https:\/\/www.svratka.cz\/index.php?rest_route=%2Fwp%2Fv2%2Fcomments&post=1824"}],"version-history":[{"count":4,"href":"https:\/\/www.svratka.cz\/index.php?rest_route=\/wp\/v2\/pages\/1824\/revisions"}],"predecessor-version":[{"id":9828,"href":"https:\/\/www.svratka.cz\/index.php?rest_route=\/wp\/v2\/pages\/1824\/revisions\/9828"}],"wp:attachment":[{"href":"https:\/\/www.svratka.cz\/index.php?rest_route=%2Fwp%2Fv2%2Fmedia&parent=1824"}],"curies":[{"name":"wp","href":"https:\/\/api.w.org\/{rel}","templated":true}]}}