{"id":1562,"date":"2016-01-25T20:42:13","date_gmt":"2016-01-25T19:42:13","guid":{"rendered":"http:\/\/w2.svratka.cz\/?page_id=1562"},"modified":"2016-01-25T20:42:13","modified_gmt":"2016-01-25T19:42:13","slug":"1562-2","status":"publish","type":"page","link":"https:\/\/www.svratka.cz\/?page_id=1562","title":{"rendered":"Rychlobrusla\u0159sk\u00e1 tradice"},"content":{"rendered":"<p>Historie rychlobruslen\u00ed ve Svratce za\u010dala s\u00a0otev\u0159en\u00edm p\u0159\u00edrodn\u00ed rychlobrusla\u0159sk\u00e9 dr\u00e1hy v\u00a0sez\u00f3n\u011b 1953-1954. Do t\u00e9 doby nebyla v\u00a0\u010cSR jedin\u00e1 regul\u00e9rn\u00ed dr\u00e1ha. Z\u00e1vodilo se v\u011bt\u0161inou na \u0159ek\u00e1ch a rybn\u00edc\u00edch a ze za\u010d\u00e1tku zimy tr\u00e9novali i na Zimn\u00edm stadio nu v Praze. Ale to nesta\u010dilo a pracovn\u00edci sekce rychlobruslen\u00ed , p\u0159edev\u0161\u00edm Alois Pik a Jaroslav Doubek hledali p\u0159\u00edhodn\u00e9 m\u00edsto, kde by byla v\u011bt\u0161\u00ed zima, ale zase ne p\u0159\u00edli\u0161 vysoko. Toto m\u00edsto na\u0161li v\u00a0roce 1953 ve Svratce, kde TJ Spartak zrovna stav\u011bl nov\u00fd stadion. K\u00a0projektu lehkoatletick\u00e9 dr\u00e1hy se p\u0159idru\u017eil i projekt prvn\u00ed rychlobrusla\u0159sk\u00e9 dr\u00e1hy v\u00a0\u010cSR. \u010clenov\u00e9 Spartaku Svratka i m\u00edstn\u00ed ob\u010dan\u00e9 brig\u00e1dnicky pracovali na stavb\u011b dr\u00e1hy, p\u0159em\u00edstili 5100 m<sup>3<\/sup> zeminy, zpracovali 580 m<sup>3<\/sup> kamene, 12 vag\u00f3n\u016f p\u00edsku, 28 vag\u00f3n\u016f \u0161kv\u00e1ry, apod. Hlavn\u00ed zat\u011b\u017ek\u00e1vac\u00ed zkou\u0161ka \u010dekala stadion p\u0159i zah\u00e1jen\u00ed provozu. \u010cerpadla sta\u010dila jen na \u00fadr\u017ebu ledu, d\u00e1vala toti\u017e jen 72 hl vody za h odinu, ale na vytvo\u0159en\u00ed 25 cm vrstvy ledu bylo t\u0159eba v\u00fdkon 22\u00a0000 hl\/hod. Proto byly pou\u017eity i \u010derpac\u00ed stroje hasi\u010dsk\u00fdch sbor\u016f.<\/p>\n<p>V\u00a0t\u00e9 dob\u011b to byla dr\u00e1ha velmi dobr\u00e1, hned v\u00a0prvn\u00ed sez\u00f3n\u011b bylo p\u0159ekon\u00e1no 102 \u010deskoslovensk\u00fdch rekord\u016f. St\u00e1l\u00e1 regul\u00e9rn\u00ed dr\u00e1ha tak\u00e9 umo\u017enila \u010ds.rychlobrusla\u0159\u016fm vstup na mezin\u00e1rodn\u00ed f\u00f3rum. Prvn\u00edm krokem byly 11.-13.2.1954 z\u00e1vody s\u00a0rychlobrusla\u0159i NDR, Ma\u010farska a Polska.<\/p>\n<p>Postupn\u011b bylo zlep\u0161eno technick\u00e9 vybaven\u00ed, byla napojena siln\u011bj\u0161\u00ed vodn\u00ed \u010derpadla, instalov\u00e1no v\u00fdbojkov\u00e9 osv\u011btlen\u00ed, po\u0159\u00edzeny dva traktory a samoz\u0159ejm\u011b vybudov\u00e1na tribuna.<\/p>\n<p>TJ Mars Svratka se v\u00fdkonostn\u011b za\u0159adil k\u00a0nejlep\u0161\u00edm rychlobrusla\u0159sk\u00fdm odd\u00edl\u016fm v\u00a0\u010cSR, Jarmila \u0160\u0165astn\u00e1 a Ji\u0159\u00ed Sch\u00f6ppe, z\u00e1vod\u00edc\u00ed za T J Spartak (Mars) Svratka, se stali n\u011bkolikr\u00e1t mistry \u010cSR.<\/p>\n<p>Bohu\u017eel nikdy nebyla vybudov\u00e1na dr\u00e1ha um\u011bl\u00e1, dost \u010dasto se st\u00e1valo, \u017ee nebyla p\u0159\u00edzniv\u00e1 zima, a tak rychlobrusla\u0159i mohli tr\u00e9novat jen p\u00e1r dn\u016f v roce nebo tak\u00e9 v\u016fbec. Proto \u010ds. rychlobruslen\u00ed za\u010dalo ztr\u00e1cet krok se sv\u011btovou \u0161pi\u010dkou. Velk\u00e9ho \u00fasp\u011bchu doc\u00edlil na ZOH 1988\u00a0 v kanadsk\u00e9m Calgary Ji\u0159\u00ed Kyncl, kdy zajel skv\u011bl\u00e9 16. m\u00edsto na desetikilometrov\u00e9 trati, co\u017e byl, vzhledem k podm\u00ednk\u00e1m, obrovsk\u00fd \u00fasp\u011bch. Jeho tren\u00e9rem ji\u017e te hdy byl Petr Nov\u00e1k, odchovanec svrateck\u00e9ho rychlobruslen\u00ed.<\/p>\n<p>V roce 1991 byl stadion zatravn\u011bn a dr\u00e1ha se st\u011bhovala vedle toho st\u00e1vaj\u00edc\u00edho. Jej\u00ed obvod-333 m-byl na hranici regul\u00e9rnosti, ale ka\u017ed\u00fd rok se ledovalo a prob\u00edhaly tady tr\u00e9ninky i z\u00e1vody. Je\u0161t\u011b v roce 1997 se pl\u00e1noval asfaltov\u00fd ov\u00e1l, ale k jeho v\u00fdstavb\u011b u\u017e nedo\u0161lo. Nav\u00edc nen\u00ed ve Svratce ji\u017e rychlobrusla\u0159sk\u00e9 dru\u017estvo a proto se dr\u00e1ha ji\u017e od roku\u00a0 2004 neleduje. <em>..Sportovn\u00ed svaz tvrd\u00ed, \u017ee neopl\u00fdv\u00e1 financemi, svrateck\u00fd klub tak\u00e9 ne. Svrateck\u00fd ob\u011btav\u00fd\u00a0leda\u0159 Ji\u0159\u00ed Sch\u00f6ppe, na\u00a0jeho\u017e nad\u0161en\u00ed a probd\u011bl\u00fdch noc\u00edch s promrzl\u00fdma rukama a se st\u0159\u00edkaj\u00edc\u00ed\u00a0hadic\u00ed\u00a0vody v zim\u011b pra\u017esk\u00e9 veden\u00ed tohoto sportu u n\u00e1s\u00a0po desetilet\u00ed h\u0159e\u0161ilo, zem\u0159el v roce 2010&#8230;\u00a0 (z v\u011bt\u0161iny citov\u00e1no z www.martinasablikova.cz)<\/em><\/p>\n<p>Na svrateck\u00e9 rychlobrusla\u0159sk\u00e9 dr\u00e1ze za\u010d\u00ednal jak sou\u010dasn\u00fd tren\u00e9r Petr Nov\u00e1k, tak i jeho sv\u011b\u0159enkyn\u011b a olympijsk\u00e1 \u0161ampi\u00f3nka Martina S\u00e1bl\u00edkov\u00e1.<\/p>\n<p>&nbsp;<\/p>\n[lsvr_gallery images=&#8220;1563,1564,1565,1566,1567,1568&#8243; items_per_row=&#8220;3&#8243; masonry=&#8220;yes&#8220; click_action=&#8220;lightbox&#8220;]\n<p>&nbsp;<\/p>\n[lsvr_gallery images=&#8220;1569,1570,1571,1572,1573,1574&#8243; items_per_row=&#8220;3&#8243; masonry=&#8220;yes&#8220; click_action=&#8220;lightbox&#8220;]\n","protected":false},"excerpt":{"rendered":"<p>Historie rychlobruslen\u00ed ve Svratce za\u010dala s\u00a0otev\u0159en\u00edm p\u0159\u00edrodn\u00ed rychlobrusla\u0159sk\u00e9 dr\u00e1hy v\u00a0sez\u00f3n\u011b 1953-1954. Do t\u00e9 doby nebyla v\u00a0\u010cSR jedin\u00e1 regul\u00e9rn\u00ed dr\u00e1ha. Z\u00e1vodilo se v\u011bt\u0161inou na \u0159ek\u00e1ch a rybn\u00edc\u00edch a ze za\u010d\u00e1tku zimy tr\u00e9novali i na Zimn\u00edm stadio nu v Praze. Ale to nesta\u010dilo a pracovn\u00edci sekce rychlobruslen\u00ed , p\u0159edev\u0161\u00edm Alois Pik a Jaroslav Doubek hledali p\u0159\u00edhodn\u00e9 m\u00edsto, [&hellip;]<\/p>\n","protected":false},"author":1,"featured_media":0,"parent":0,"menu_order":0,"comment_status":"closed","ping_status":"closed","template":"","meta":{"footnotes":""},"class_list":["post-1562","page","type-page","status-publish","hentry"],"_links":{"self":[{"href":"https:\/\/www.svratka.cz\/index.php?rest_route=\/wp\/v2\/pages\/1562","targetHints":{"allow":["GET"]}}],"collection":[{"href":"https:\/\/www.svratka.cz\/index.php?rest_route=\/wp\/v2\/pages"}],"about":[{"href":"https:\/\/www.svratka.cz\/index.php?rest_route=\/wp\/v2\/types\/page"}],"author":[{"embeddable":true,"href":"https:\/\/www.svratka.cz\/index.php?rest_route=\/wp\/v2\/users\/1"}],"replies":[{"embeddable":true,"href":"https:\/\/www.svratka.cz\/index.php?rest_route=%2Fwp%2Fv2%2Fcomments&post=1562"}],"version-history":[{"count":0,"href":"https:\/\/www.svratka.cz\/index.php?rest_route=\/wp\/v2\/pages\/1562\/revisions"}],"wp:attachment":[{"href":"https:\/\/www.svratka.cz\/index.php?rest_route=%2Fwp%2Fv2%2Fmedia&parent=1562"}],"curies":[{"name":"wp","href":"https:\/\/api.w.org\/{rel}","templated":true}]}}